{"id":1369,"date":"2023-02-24T10:08:11","date_gmt":"2023-02-24T02:08:11","guid":{"rendered":"https:\/\/es.wzutechtires.com\/?post_type=product&#038;p=1369"},"modified":"2023-08-02T11:59:23","modified_gmt":"2023-08-02T03:59:23","slug":"roadster-r02-runflat","status":"publish","type":"product","link":"https:\/\/es.wzutechtires.com\/index.php\/product\/roadster-r02-runflat\/","title":{"rendered":"ROADSTER R02 RUNFLAT"},"content":{"rendered":"<table style=\"height: 700px; width: 101.587%;\" border=\"0\" width=\"101.587%\" cellspacing=\"0\" cellpadding=\"0\">\n<tbody>\n<tr style=\"height: 48px;\">\n<td style=\"width: 23.3996%; height: 28px;\" width=\"105\" height=\"19\">TAMA\u00d1O<\/td>\n<td style=\"width: 17.4393%; height: 28px;\" width=\"108\">LI\/SS<\/td>\n<td style=\"width: 25.8278%; height: 28px;\" width=\"150\">RANGO DE TAMANO<\/td>\n<td style=\"width: 18.7638%; height: 28px;\" width=\"72\">PARED LATERAL<\/td>\n<td style=\"width: 14.128%; height: 28px;\" width=\"72\">UTQG<\/td>\n<\/tr>\n<tr style=\"height: 24px;\">\n<td style=\"width: 23.3996%; height: 24px;\" height=\"19\">195\/55ZRF16<\/td>\n<td style=\"width: 17.4393%; height: 24px;\">87W<\/td>\n<td style=\"width: 25.8278%; height: 24px;\">RUEDA PINCHADA<\/td>\n<td style=\"width: 18.7638%; height: 24px;\">NEGRO<\/td>\n<td style=\"width: 14.128%; height: 24px;\">380AA<\/td>\n<\/tr>\n<tr style=\"height: 24px;\">\n<td style=\"width: 23.3996%; height: 24px;\" height=\"19\">205\/55ZRF17<\/td>\n<td style=\"width: 17.4393%; height: 24px;\">91W<\/td>\n<td style=\"width: 25.8278%; height: 25px;\">RUEDA PINCHADA<\/td>\n<td style=\"width: 18.7638%; height: 24px;\">NEGRO<\/td>\n<td style=\"width: 14.128%; height: 24px;\">380AA<\/td>\n<\/tr>\n<tr style=\"height: 24px;\">\n<td style=\"width: 23.3996%; height: 24px;\" height=\"19\">205\/55RF16<\/td>\n<td style=\"width: 17.4393%; height: 24px;\">91V<\/td>\n<td style=\"width: 25.8278%; height: 24px;\">RUEDA PINCHADA<\/td>\n<td style=\"width: 18.7638%; height: 24px;\">NEGRO<\/td>\n<td style=\"width: 14.128%; height: 24px;\">380AA<\/td>\n<\/tr>\n<tr style=\"height: 24px;\">\n<td style=\"width: 23.3996%; height: 24px;\" height=\"19\">225\/55ZRF16<\/td>\n<td style=\"width: 17.4393%; height: 24px;\">95W<\/td>\n<td style=\"width: 25.8278%; height: 24px;\">RUEDA PINCHADA<\/td>\n<td style=\"width: 18.7638%; height: 24px;\">NEGRO<\/td>\n<td style=\"width: 14.128%; height: 24px;\">380AA<\/td>\n<\/tr>\n<tr style=\"height: 24px;\">\n<td style=\"width: 23.3996%; height: 24px;\" height=\"19\">205\/45ZRF17<\/td>\n<td style=\"width: 17.4393%; height: 24px;\">88W XL<\/td>\n<td style=\"width: 25.8278%; height: 24px;\">RUEDA PINCHADA<\/td>\n<td style=\"width: 18.7638%; height: 24px;\">NEGRO<\/td>\n<td style=\"width: 14.128%; height: 24px;\">380AA<\/td>\n<\/tr>\n<tr style=\"height: 24px;\">\n<td style=\"width: 23.3996%; height: 24px;\" height=\"19\">205\/50ZRF17<\/td>\n<td style=\"width: 17.4393%; height: 24px;\">89W<\/td>\n<td style=\"width: 25.8278%; height: 24px;\">RUEDA PINCHADA<\/td>\n<td style=\"width: 18.7638%; height: 24px;\">NEGRO<\/td>\n<td style=\"width: 14.128%; height: 24px;\">380AA<\/td>\n<\/tr>\n<tr style=\"height: 24px;\">\n<td style=\"width: 23.3996%; height: 24px;\" height=\"19\">225\/45ZRF17<\/td>\n<td style=\"width: 17.4393%; height: 24px;\">91W<\/td>\n<td style=\"width: 25.8278%; height: 24px;\">RUEDA PINCHADA<\/td>\n<td style=\"width: 18.7638%; height: 24px;\">NEGRO<\/td>\n<td style=\"width: 14.128%; height: 24px;\">380AA<\/td>\n<\/tr>\n<tr style=\"height: 27px;\">\n<td style=\"width: 23.3996%; height: 27px;\" height=\"19\">225\/50ZRF17<\/td>\n<td style=\"width: 17.4393%; height: 27px;\">94W<\/td>\n<td style=\"width: 25.8278%; height: 27px;\">RUEDA PINCHADA<\/td>\n<td style=\"width: 18.7638%; height: 27px;\">NEGRO<\/td>\n<td style=\"width: 14.128%; height: 27px;\">380AA<\/td>\n<\/tr>\n<tr style=\"height: 24px;\">\n<td style=\"width: 23.3996%; height: 24px;\" height=\"19\">225\/55ZRF17<\/td>\n<td style=\"width: 17.4393%; height: 24px;\">97Y<\/td>\n<td style=\"width: 25.8278%; height: 24px;\">RUEDA PINCHADA<\/td>\n<td style=\"width: 18.7638%; height: 24px;\">NEGRO<\/td>\n<td style=\"width: 14.128%; height: 24px;\">380AA<\/td>\n<\/tr>\n<tr style=\"height: 24px;\">\n<td style=\"width: 23.3996%; height: 24px;\" height=\"19\">225\/40ZRF18<\/td>\n<td style=\"width: 17.4393%; height: 24px;\">92W XL<\/td>\n<td style=\"width: 25.8278%; height: 24px;\">RUEDA PINCHADA<\/td>\n<td style=\"width: 18.7638%; height: 24px;\">NEGRO<\/td>\n<td style=\"width: 14.128%; height: 24px;\">380AA<\/td>\n<\/tr>\n<tr style=\"height: 24px;\">\n<td style=\"width: 23.3996%; height: 24px;\" height=\"19\">225\/45ZRF18<\/td>\n<td style=\"width: 17.4393%; height: 24px;\">91W<\/td>\n<td style=\"width: 25.8278%; height: 24px;\">RUEDA PINCHADA<\/td>\n<td style=\"width: 18.7638%; height: 24px;\">NEGRO<\/td>\n<td style=\"width: 14.128%; height: 24px;\">380AA<\/td>\n<\/tr>\n<tr style=\"height: 24px;\">\n<td style=\"width: 23.3996%; height: 24px;\" height=\"19\">245\/40ZRF18<\/td>\n<td style=\"width: 17.4393%; height: 24px;\">97Y XL<\/td>\n<td style=\"width: 25.8278%; height: 24px;\">RUEDA PINCHADA<\/td>\n<td style=\"width: 18.7638%; height: 24px;\">NEGRO<\/td>\n<td style=\"width: 14.128%; height: 24px;\">380AA<\/td>\n<\/tr>\n<tr style=\"height: 24px;\">\n<td style=\"width: 23.3996%; height: 24px;\" height=\"19\">245\/45ZRF18<\/td>\n<td style=\"width: 17.4393%; height: 24px;\">96Y<\/td>\n<td style=\"width: 25.8278%; height: 24px;\">RUEDA PINCHADA<\/td>\n<td style=\"width: 18.7638%; height: 24px;\">NEGRO<\/td>\n<td style=\"width: 14.128%; height: 24px;\">380AA<\/td>\n<\/tr>\n<tr style=\"height: 24px;\">\n<td style=\"width: 23.3996%; height: 24px;\" height=\"19\">245\/50ZRF18<\/td>\n<td style=\"width: 17.4393%; height: 24px;\">100Y<\/td>\n<td style=\"width: 25.8278%; height: 24px;\">RUEDA PINCHADA<\/td>\n<td style=\"width: 18.7638%; height: 24px;\">NEGRO<\/td>\n<td style=\"width: 14.128%; height: 24px;\">380AA<\/td>\n<\/tr>\n<tr style=\"height: 24px;\">\n<td style=\"width: 23.3996%; height: 24px;\" height=\"19\">255\/35ZRF18<\/td>\n<td style=\"width: 17.4393%; height: 24px;\">94 WXL<\/td>\n<td style=\"width: 25.8278%; height: 24px;\">RUEDA PINCHADA<\/td>\n<td style=\"width: 18.7638%; height: 24px;\">NEGRO<\/td>\n<td style=\"width: 14.128%; height: 24px;\">380AA<\/td>\n<\/tr>\n<tr style=\"height: 24px;\">\n<td style=\"width: 23.3996%; height: 24px;\" height=\"19\">255\/40ZRF18<\/td>\n<td style=\"width: 17.4393%; height: 24px;\">95Y<\/td>\n<td style=\"width: 25.8278%; height: 24px;\">RUEDA PINCHADA<\/td>\n<td style=\"width: 18.7638%; height: 24px;\">NEGRO<\/td>\n<td style=\"width: 14.128%; height: 24px;\">380AA<\/td>\n<\/tr>\n<tr style=\"height: 24px;\">\n<td style=\"width: 23.3996%; height: 24px;\" height=\"19\">225\/35ZRF19<\/td>\n<td style=\"width: 17.4393%; height: 24px;\">88W XL<\/td>\n<td style=\"width: 25.8278%; height: 24px;\">RUEDA PINCHADA<\/td>\n<td style=\"width: 18.7638%; height: 24px;\">NEGRO<\/td>\n<td style=\"width: 14.128%; height: 24px;\">380AA<\/td>\n<\/tr>\n<tr style=\"height: 24px;\">\n<td style=\"width: 23.3996%; height: 24px;\" height=\"19\">255\/35ZRF19<\/td>\n<td style=\"width: 17.4393%; height: 24px;\">96W XL<\/td>\n<td style=\"width: 25.8278%; height: 24px;\">RUEDA PINCHADA<\/td>\n<td style=\"width: 18.7638%; height: 24px;\">NEGRO<\/td>\n<td style=\"width: 14.128%; height: 24px;\">380AA<\/td>\n<\/tr>\n<tr style=\"height: 24px;\">\n<td style=\"width: 23.3996%; height: 24px;\" height=\"19\">245\/40ZRF19<\/td>\n<td style=\"width: 17.4393%; height: 24px;\">98W XL<\/td>\n<td style=\"width: 25.8278%; height: 24px;\">RUEDA PINCHADA<\/td>\n<td style=\"width: 18.7638%; height: 24px;\">NEGRO<\/td>\n<td style=\"width: 14.128%; height: 24px;\">380AA<\/td>\n<\/tr>\n<tr style=\"height: 24px;\">\n<td style=\"width: 23.3996%; height: 24px;\" height=\"19\">245\/35ZRF20<\/td>\n<td style=\"width: 17.4393%; height: 24px;\">91W<\/td>\n<td style=\"width: 25.8278%; height: 24px;\">RUEDA PINCHADA<\/td>\n<td style=\"width: 18.7638%; height: 24px;\">NEGRO<\/td>\n<td style=\"width: 14.128%; height: 24px;\">380AA<\/td>\n<\/tr>\n<tr style=\"height: 24px;\">\n<td style=\"width: 23.3996%; height: 24px;\" height=\"19\">245\/40ZRF20<\/td>\n<td style=\"width: 17.4393%; height: 24px;\">99W XL<\/td>\n<td style=\"width: 25.8278%; height: 24px;\">RUEDA PINCHADA<\/td>\n<td style=\"width: 18.7638%; height: 24px;\">NEGRO<\/td>\n<td style=\"width: 14.128%; height: 24px;\">380AA<\/td>\n<\/tr>\n<tr style=\"height: 24px;\">\n<td style=\"width: 23.3996%; height: 24px;\" height=\"19\">275\/35ZRF20<\/td>\n<td style=\"width: 17.4393%; height: 24px;\">98W<\/td>\n<td style=\"width: 25.8278%; height: 24px;\">RUEDA PINCHADA<\/td>\n<td style=\"width: 18.7638%; height: 24px;\">NEGRO<\/td>\n<td style=\"width: 14.128%; height: 24px;\">380AA<\/td>\n<\/tr>\n<\/tbody>\n<\/table>\n","protected":false},"excerpt":{"rendered":"<ul>\n<li>El caucho de refuerzo en la pared lateral es un elemento importante en el neum\u00e1tico RUN-FLAT. El car\u00e1cter suave puede ofrecer una conducci\u00f3n c\u00f3moda en tiempos normales. Pero en las fugas de aire, se vuelve dif\u00edcil.<\/li>\n<li>El uso de caucho de bajo poder calor\u00edfico aumenta la durabilidad al reducir el calor en presi\u00f3n cero.<\/li>\n<li>Evite que el neum\u00e1tico se separe de la rueda en condiciones de fugas de aire. El tal\u00f3n del neum\u00e1tico es m\u00e1s ancho que los comunes.<\/li>\n<\/ul>\n","protected":false},"featured_media":1470,"template":"","meta":[],"product_cat":[40],"product_tag":[],"class_list":["post-1369","product","type-product","status-publish","has-post-thumbnail","hentry","product_cat-runflat"],"acf":[],"_links":{"self":[{"href":"https:\/\/es.wzutechtires.com\/index.php\/wp-json\/wp\/v2\/product\/1369","targetHints":{"allow":["GET"]}}],"collection":[{"href":"https:\/\/es.wzutechtires.com\/index.php\/wp-json\/wp\/v2\/product"}],"about":[{"href":"https:\/\/es.wzutechtires.com\/index.php\/wp-json\/wp\/v2\/types\/product"}],"wp:featuredmedia":[{"embeddable":true,"href":"https:\/\/es.wzutechtires.com\/index.php\/wp-json\/wp\/v2\/media\/1470"}],"wp:attachment":[{"href":"https:\/\/es.wzutechtires.com\/index.php\/wp-json\/wp\/v2\/media?parent=1369"}],"wp:term":[{"taxonomy":"product_cat","embeddable":true,"href":"https:\/\/es.wzutechtires.com\/index.php\/wp-json\/wp\/v2\/product_cat?post=1369"},{"taxonomy":"product_tag","embeddable":true,"href":"https:\/\/es.wzutechtires.com\/index.php\/wp-json\/wp\/v2\/product_tag?post=1369"}],"curies":[{"name":"wp","href":"https:\/\/api.w.org\/{rel}","templated":true}]}}