{"id":1398,"date":"2023-02-24T11:46:27","date_gmt":"2023-02-24T03:46:27","guid":{"rendered":"https:\/\/es.wzutechtires.com\/?post_type=product&#038;p=1398"},"modified":"2023-03-22T10:36:36","modified_gmt":"2023-03-22T02:36:36","slug":"agr306","status":"publish","type":"product","link":"https:\/\/es.wzutechtires.com\/index.php\/product\/agr306\/","title":{"rendered":"AGR306"},"content":{"rendered":"<table style=\"width: 100%; height: 96px;\" width=\"100%\">\n<tbody>\n<tr style=\"height: 42px;\">\n<td style=\"height: 66px; width: 8.68726%;\" rowspan=\"2\" width=\"102\"><span style=\"font-size: 10pt;\">TAMA\u00d1O<\/span><\/td>\n<td style=\"height: 66px; width: 12.2587%;\" rowspan=\"2\" width=\"88\"><span style=\"font-size: 10pt;\">CLASIFICACI\u00d3N DE CAPAS<\/span><\/td>\n<td style=\"height: 66px; width: 12.1622%;\" rowspan=\"2\" width=\"127\"><span style=\"font-size: 10pt;\">PROFUNDIDAD DE LA BANDA (mm)<\/span><\/td>\n<td style=\"height: 66px; width: 9.36293%;\" rowspan=\"2\" width=\"109\"><span style=\"font-size: 10pt;\">LLANTA EST\u00c1NDAR<\/span><\/td>\n<td style=\"height: 66px; width: 14.3822%;\" rowspan=\"2\" width=\"200\"><span style=\"font-size: 10pt;\">\u00cdNDICE DE CARGA\/GRADO DE VELOCIDAD<\/span><\/td>\n<td style=\"height: 66px; width: 8.01158%;\" rowspan=\"2\" width=\"99\"><span style=\"font-size: 10pt;\">ANCHO DE LA SECCI\u00d3N (mm)<\/span><\/td>\n<td style=\"height: 66px; width: 9.55598%;\" rowspan=\"2\" width=\"112\"><span style=\"font-size: 10pt;\">DI\u00c1METRO EXTERIOR (mm)<\/span><\/td>\n<td style=\"height: 42px; width: 12.1622%;\" colspan=\"2\" width=\"144\"><span style=\"font-size: 10pt;\">PRESI\u00d3N DE INFLACI\u00d3N (kpa)<\/span><\/td>\n<td style=\"height: 42px; width: 10.7143%;\" colspan=\"2\" width=\"159\"><span style=\"font-size: 10pt;\">CAPACIDAD DE CARGA (kg)<\/span><\/td>\n<\/tr>\n<tr style=\"height: 24px;\">\n<td style=\"height: 24px; width: 7.52896%;\"><span style=\"font-size: 10pt;\">SOLTERO<\/span><\/td>\n<td style=\"height: 24px; width: 4.6332%;\"><span style=\"font-size: 10pt;\">DOBLE<\/span><\/td>\n<td style=\"height: 24px; width: 6.08108%;\"><span style=\"font-size: 10pt;\">SOLTERO<\/span><\/td>\n<td style=\"height: 24px; width: 4.6332%;\"><span style=\"font-size: 10pt;\">DOBLE<\/span><\/td>\n<\/tr>\n<tr style=\"height: 24px;\">\n<td style=\"height: 24px; width: 8.68726%;\"><span style=\"font-size: 10pt;\">7.00R16LT<\/span><\/td>\n<td style=\"height: 24px; width: 12.2587%;\"><span style=\"font-size: 10pt;\">14PR<\/span><\/td>\n<td style=\"height: 24px; width: 12.1622%;\"><span style=\"font-size: 10pt;\">12.0<\/span><\/td>\n<td style=\"height: 24px; width: 9.36293%;\"><span style=\"font-size: 10pt;\">5.50F<\/span><\/td>\n<td style=\"height: 24px; width: 14.3822%;\"><span style=\"font-size: 10pt;\">118\/114L<\/span><\/td>\n<td style=\"height: 24px; width: 8.01158%;\"><span style=\"font-size: 10pt;\">198<\/span><\/td>\n<td style=\"height: 24px; width: 9.55598%;\"><span style=\"font-size: 10pt;\">770<\/span><\/td>\n<td style=\"height: 24px; width: 7.52896%;\"><span style=\"font-size: 10pt;\">670<\/span><\/td>\n<td style=\"height: 24px; width: 4.6332%;\"><span style=\"font-size: 10pt;\">670<\/span><\/td>\n<td style=\"height: 24px; width: 6.08108%;\"><span style=\"font-size: 10pt;\">1215<\/span><\/td>\n<td style=\"height: 24px; width: 4.6332%;\"><span style=\"font-size: 10pt;\">1060<\/span><\/td>\n<\/tr>\n<tr style=\"height: 24px;\">\n<td style=\"height: 24px; width: 8.68726%;\"><span style=\"font-size: 10pt;\">8.25R16LT<\/span><\/td>\n<td style=\"height: 24px; width: 12.2587%;\"><span style=\"font-size: 10pt;\">16PR<\/span><\/td>\n<td style=\"height: 24px; width: 12.1622%;\"><span style=\"font-size: 10pt;\">15.0<\/span><\/td>\n<td style=\"height: 24px; width: 9.36293%;\"><span style=\"font-size: 10pt;\">6.50H<\/span><\/td>\n<td style=\"height: 24px; width: 14.3822%;\"><span style=\"font-size: 10pt;\">128\/124K<\/span><\/td>\n<td style=\"height: 24px; width: 8.01158%;\"><span style=\"font-size: 10pt;\">235<\/span><\/td>\n<td style=\"height: 24px; width: 9.55598%;\"><span style=\"font-size: 10pt;\">865<\/span><\/td>\n<td style=\"height: 24px; width: 7.52896%;\"><span style=\"font-size: 10pt;\">770<\/span><\/td>\n<td style=\"height: 24px; width: 4.6332%;\"><span style=\"font-size: 10pt;\">770<\/span><\/td>\n<td style=\"height: 24px; width: 6.08108%;\"><span style=\"font-size: 10pt;\">1800<\/span><\/td>\n<td style=\"height: 24px; width: 4.6332%;\"><span style=\"font-size: 10pt;\">1600<\/span><\/td>\n<\/tr>\n<\/tbody>\n<\/table>\n","protected":false},"excerpt":{"rendered":"<ul>\n<li>El dise\u00f1o de patr\u00f3n de l\u00ednea de tres ranuras proporciona una excelente comodidad y estabilidad de manejo, reduce la resistencia a la conducci\u00f3n, ahorra combustible y econom\u00eda.<\/li>\n<li>Las ranuras onduladas entre los bloques del patr\u00f3n hacen que tengan un buen rendimiento de disipaci\u00f3n de calor y reducen efectivamente el desgaste irregular de los neum\u00e1ticos.<\/li>\n<li>El dise\u00f1o de protuberancia especial en la parte inferior de la ranura del patr\u00f3n puede evitar que las piedras tengan una buena capacidad de autolimpieza.<\/li>\n<\/ul>\n","protected":false},"featured_media":1415,"template":"","meta":[],"product_cat":[28],"product_tag":[],"class_list":["post-1398","product","type-product","status-publish","has-post-thumbnail","hentry","product_cat-long-haulregional"],"acf":[],"_links":{"self":[{"href":"https:\/\/es.wzutechtires.com\/index.php\/wp-json\/wp\/v2\/product\/1398","targetHints":{"allow":["GET"]}}],"collection":[{"href":"https:\/\/es.wzutechtires.com\/index.php\/wp-json\/wp\/v2\/product"}],"about":[{"href":"https:\/\/es.wzutechtires.com\/index.php\/wp-json\/wp\/v2\/types\/product"}],"wp:featuredmedia":[{"embeddable":true,"href":"https:\/\/es.wzutechtires.com\/index.php\/wp-json\/wp\/v2\/media\/1415"}],"wp:attachment":[{"href":"https:\/\/es.wzutechtires.com\/index.php\/wp-json\/wp\/v2\/media?parent=1398"}],"wp:term":[{"taxonomy":"product_cat","embeddable":true,"href":"https:\/\/es.wzutechtires.com\/index.php\/wp-json\/wp\/v2\/product_cat?post=1398"},{"taxonomy":"product_tag","embeddable":true,"href":"https:\/\/es.wzutechtires.com\/index.php\/wp-json\/wp\/v2\/product_tag?post=1398"}],"curies":[{"name":"wp","href":"https:\/\/api.w.org\/{rel}","templated":true}]}}