{"id":1400,"date":"2023-02-24T11:47:23","date_gmt":"2023-02-24T03:47:23","guid":{"rendered":"https:\/\/es.wzutechtires.com\/?post_type=product&#038;p=1400"},"modified":"2023-03-22T10:28:06","modified_gmt":"2023-03-22T02:28:06","slug":"atr210","status":"publish","type":"product","link":"https:\/\/es.wzutechtires.com\/index.php\/product\/atr210\/","title":{"rendered":"ATR210"},"content":{"rendered":"<table style=\"width: 100%;\" width=\"100%\">\n<tbody>\n<tr>\n<td style=\"width: 8.76452%;\" rowspan=\"2\" width=\"126\"><span style=\"font-size: 10pt;\">TAMA\u00d1O<\/span><\/td>\n<td style=\"width: 6.96938%;\" rowspan=\"2\" width=\"88\"><span style=\"font-size: 10pt;\">CLASIFICACI\u00d3N DE CAPA<\/span><\/td>\n<td style=\"width: 10.4541%;\" rowspan=\"2\" width=\"103\"><span style=\"font-size: 10pt;\">PROFUNDIDAD DE LA BANDA (mm)<\/span><\/td>\n<td style=\"width: 9.71489%;\" rowspan=\"2\" width=\"124\"><span style=\"font-size: 10pt;\">LLANTA EST\u00c1NDAR<\/span><\/td>\n<td style=\"width: 12.1436%;\" rowspan=\"2\" width=\"200\"><span style=\"font-size: 10pt;\">\u00cdNDICE DE CARGA\/GRADO DE VELOCIDAD<\/span><\/td>\n<td style=\"width: 10.6653%;\" rowspan=\"2\" width=\"106\"><span style=\"font-size: 10pt;\">ANCHO DE LA SECCI\u00d3N (mm)<\/span><\/td>\n<td style=\"width: 13.7276%;\" rowspan=\"2\" width=\"112\"><span style=\"font-size: 10pt;\">DI\u00c1METRO EXTERIOR (mm)<\/span><\/td>\n<td style=\"width: 12.9884%;\" colspan=\"2\" width=\"144\"><span style=\"font-size: 10pt;\">PRESI\u00d3N DE INFLACI\u00d3N (kpa)<\/span><\/td>\n<td style=\"width: 11.7212%;\" colspan=\"2\" width=\"159\"><span style=\"font-size: 10pt;\">CAPACIDAD DE CARGA (kg)<\/span><\/td>\n<\/tr>\n<tr>\n<td style=\"width: 7.39176%;\"><span style=\"font-size: 10pt;\">SOLTERO<\/span><\/td>\n<td style=\"width: 5.59662%;\"><span style=\"font-size: 10pt;\">DOBLE<\/span><\/td>\n<td style=\"width: 6.65259%;\"><span style=\"font-size: 10pt;\">SOLTERO<\/span><\/td>\n<td style=\"width: 5.06864%;\"><span style=\"font-size: 10pt;\">DOBLE<\/span><\/td>\n<\/tr>\n<tr>\n<td style=\"width: 8.76452%;\"><span style=\"font-size: 10pt;\">7.00R16LT<\/span><\/td>\n<td style=\"width: 6.96938%;\"><span style=\"font-size: 10pt;\">14PR<\/span><\/td>\n<td style=\"width: 10.4541%;\"><span style=\"font-size: 10pt;\">12.0<\/span><\/td>\n<td style=\"width: 9.71489%;\"><span style=\"font-size: 10pt;\">5.50F<\/span><\/td>\n<td style=\"width: 12.1436%;\"><span style=\"font-size: 10pt;\">118\/114L<\/span><\/td>\n<td style=\"width: 10.6653%;\"><span style=\"font-size: 10pt;\">198<\/span><\/td>\n<td style=\"width: 13.7276%;\"><span style=\"font-size: 10pt;\">770<\/span><\/td>\n<td style=\"width: 7.39176%;\"><span style=\"font-size: 10pt;\">670<\/span><\/td>\n<td style=\"width: 5.59662%;\"><span style=\"font-size: 10pt;\">670<\/span><\/td>\n<td style=\"width: 6.65259%;\"><span style=\"font-size: 10pt;\">1500<\/span><\/td>\n<td style=\"width: 5.06864%;\"><span style=\"font-size: 10pt;\">1320<\/span><\/td>\n<\/tr>\n<\/tbody>\n<\/table>\n","protected":false},"excerpt":{"rendered":"<ul>\n<li>Buena resistencia al deslizamiento y resistencia a la humedad.<\/li>\n<li>La formulaci\u00f3n \u00fanica de la banda de rodadura y el dise\u00f1o de cuatro cinturones mejoran la resistencia a la abrasi\u00f3n y mejoran el kilometraje.<\/li>\n<li>Baja resistencia a la rodadura, bajo nivel de ruido, buena estabilidad y alta durabilidad.<\/li>\n<\/ul>\n","protected":false},"featured_media":1414,"template":"","meta":[],"product_cat":[28],"product_tag":[],"class_list":["post-1400","product","type-product","status-publish","has-post-thumbnail","hentry","product_cat-long-haulregional"],"acf":[],"_links":{"self":[{"href":"https:\/\/es.wzutechtires.com\/index.php\/wp-json\/wp\/v2\/product\/1400","targetHints":{"allow":["GET"]}}],"collection":[{"href":"https:\/\/es.wzutechtires.com\/index.php\/wp-json\/wp\/v2\/product"}],"about":[{"href":"https:\/\/es.wzutechtires.com\/index.php\/wp-json\/wp\/v2\/types\/product"}],"wp:featuredmedia":[{"embeddable":true,"href":"https:\/\/es.wzutechtires.com\/index.php\/wp-json\/wp\/v2\/media\/1414"}],"wp:attachment":[{"href":"https:\/\/es.wzutechtires.com\/index.php\/wp-json\/wp\/v2\/media?parent=1400"}],"wp:term":[{"taxonomy":"product_cat","embeddable":true,"href":"https:\/\/es.wzutechtires.com\/index.php\/wp-json\/wp\/v2\/product_cat?post=1400"},{"taxonomy":"product_tag","embeddable":true,"href":"https:\/\/es.wzutechtires.com\/index.php\/wp-json\/wp\/v2\/product_tag?post=1400"}],"curies":[{"name":"wp","href":"https:\/\/api.w.org\/{rel}","templated":true}]}}