{"id":1446,"date":"2023-02-24T16:53:26","date_gmt":"2023-02-24T08:53:26","guid":{"rendered":"https:\/\/es.wzutechtires.com\/?post_type=product&#038;p=1446"},"modified":"2023-03-22T09:58:43","modified_gmt":"2023-03-22T01:58:43","slug":"adc701","status":"publish","type":"product","link":"https:\/\/es.wzutechtires.com\/index.php\/product\/adc701\/","title":{"rendered":"ADC701"},"content":{"rendered":"<table style=\"width:100%; height: 69px;\" border=\"0\" width=\"1166\" cellspacing=\"0\" cellpadding=\"0\">\n<tbody>\n<tr style=\"height: 21px;\">\n<td style=\"height: 45px;\" rowspan=\"2\" width=\"126\" height=\"37\"><span style=\"font-size: 10pt;\">TAMA\u00d1O<\/span><\/td>\n<td style=\"height: 45px;\" rowspan=\"2\" width=\"88\"><span style=\"font-size: 10pt;\">\u00a0CLASIFICACI\u00d3N DE CAPA<\/span><\/td>\n<td style=\"height: 45px;\" rowspan=\"2\" width=\"127\"><span style=\"font-size: 10pt;\">PROFUNDIDAD DE LA BANDA (mm)<\/span><\/td>\n<td style=\"height: 45px;\" rowspan=\"2\" width=\"109\"><span style=\"font-size: 10pt;\">LLANTA EST\u00c1NDAR<\/span><\/td>\n<td style=\"height: 45px;\" rowspan=\"2\" width=\"192\"><span style=\"font-size: 10pt;\">\u00cdNDICE DE CARGA\/GRADO DE VELOCIDAD<\/span><\/td>\n<td style=\"height: 45px;\" rowspan=\"2\" width=\"106\"><span style=\"font-size: 10pt;\">ANCHO DE LA SECCI\u00d3N (mm)<\/span><\/td>\n<td style=\"height: 45px;\" rowspan=\"2\" width=\"112\"><span style=\"font-size: 10pt;\">DI\u00c1METRO EXTERIOR (mm)<\/span><\/td>\n<td style=\"height: 21px;\" colspan=\"2\" width=\"144\"><span style=\"font-size: 10pt;\">PRESI\u00d3N DE INFLACI\u00d3N (kpa)<\/span><\/td>\n<td style=\"height: 21px;\" colspan=\"2\" width=\"159\"><span style=\"font-size: 10pt;\">CAPACIDAD DE CARGA (kg)<\/span><\/td>\n<\/tr>\n<tr style=\"height: 24px;\">\n<td style=\"height: 24px;\"><span style=\"font-size: 10pt;\">SOLTERO<\/span><\/td>\n<td style=\"height: 24px;\"><span style=\"font-size: 10pt;\">DOBLE<\/span><\/td>\n<td style=\"height: 24px;\"><span style=\"font-size: 10pt;\">SOLTERO<\/span><\/td>\n<td style=\"height: 24px;\"><span style=\"font-size: 10pt;\">DOBLE<\/span><\/td>\n<\/tr>\n<tr style=\"height: 24px;\">\n<td style=\"height: 24px;\" height=\"19\"><span style=\"font-size: 10pt;\">7.50R16LT<\/span><\/td>\n<td style=\"height: 24px;\"><span style=\"font-size: 10pt;\">16PR<\/span><\/td>\n<td style=\"height: 24px;\"><span style=\"font-size: 10pt;\">15<\/span><\/td>\n<td style=\"height: 24px;\"><span style=\"font-size: 10pt;\">6.00G<\/span><\/td>\n<td style=\"height: 24px;\"><span style=\"font-size: 10pt;\">124\/120L<\/span><\/td>\n<td style=\"height: 24px;\"><span style=\"font-size: 10pt;\">212<\/span><\/td>\n<td style=\"height: 24px;\"><span style=\"font-size: 10pt;\">804<\/span><\/td>\n<td style=\"height: 24px;\"><span style=\"font-size: 10pt;\">770<\/span><\/td>\n<td style=\"height: 24px;\"><span style=\"font-size: 10pt;\">770<\/span><\/td>\n<td style=\"height: 24px;\"><span style=\"font-size: 10pt;\">1500<\/span><\/td>\n<td style=\"height: 24px;\"><span style=\"font-size: 10pt;\">1320<\/span><\/td>\n<\/tr>\n<\/tbody>\n<\/table>\n","protected":false},"excerpt":{"rendered":"<ul>\n<li>El dise\u00f1o de patr\u00f3n de l\u00ednea patentado puede proporcionar un excelente rendimiento de frenado de la unidad.<\/li>\n<li>Optimizaci\u00f3n del dise\u00f1o del hombro del neum\u00e1tico, con capacidad de molienda.<\/li>\n<li>Buena capacidad de resistencia al impacto.<\/li>\n<\/ul>\n","protected":false},"featured_media":1584,"template":"","meta":[],"product_cat":[28],"product_tag":[],"class_list":["post-1446","product","type-product","status-publish","has-post-thumbnail","hentry","product_cat-long-haulregional"],"acf":[],"_links":{"self":[{"href":"https:\/\/es.wzutechtires.com\/index.php\/wp-json\/wp\/v2\/product\/1446","targetHints":{"allow":["GET"]}}],"collection":[{"href":"https:\/\/es.wzutechtires.com\/index.php\/wp-json\/wp\/v2\/product"}],"about":[{"href":"https:\/\/es.wzutechtires.com\/index.php\/wp-json\/wp\/v2\/types\/product"}],"wp:featuredmedia":[{"embeddable":true,"href":"https:\/\/es.wzutechtires.com\/index.php\/wp-json\/wp\/v2\/media\/1584"}],"wp:attachment":[{"href":"https:\/\/es.wzutechtires.com\/index.php\/wp-json\/wp\/v2\/media?parent=1446"}],"wp:term":[{"taxonomy":"product_cat","embeddable":true,"href":"https:\/\/es.wzutechtires.com\/index.php\/wp-json\/wp\/v2\/product_cat?post=1446"},{"taxonomy":"product_tag","embeddable":true,"href":"https:\/\/es.wzutechtires.com\/index.php\/wp-json\/wp\/v2\/product_tag?post=1446"}],"curies":[{"name":"wp","href":"https:\/\/api.w.org\/{rel}","templated":true}]}}