{"id":759,"date":"2022-12-09T15:39:13","date_gmt":"2022-12-09T07:39:13","guid":{"rendered":"http:\/\/es.wzutechtires.com\/?post_type=product&#038;p=759"},"modified":"2023-03-22T14:34:20","modified_gmt":"2023-03-22T06:34:20","slug":"agm889","status":"publish","type":"product","link":"https:\/\/es.wzutechtires.com\/index.php\/product\/agm889\/","title":{"rendered":"AGM889"},"content":{"rendered":"<table class=\" aligncenter\" style=\"width:100%; height: 174px;\" width=\"100%\">\n<tbody>\n<tr>\n<td style=\"width: 9.41347%;\" rowspan=\"2\" width=\"126\"><span style=\"font-size: 10pt;\">TAMA\u00d1O<\/span><\/td>\n<td style=\"width: 6.66184%;\" rowspan=\"2\" width=\"88\"><span style=\"font-size: 10pt;\">CLASIFICACI\u00d3N DE CAPAS<\/span><\/td>\n<td style=\"width: 7.74801%;\" rowspan=\"2\" width=\"103\"><span style=\"font-size: 10pt;\">PROFUNDIDAD DE LA BANDA (mm)<\/span><\/td>\n<td style=\"width: 9.26865%;\" rowspan=\"2\" width=\"124\"><span style=\"font-size: 10pt;\">LLANTA EST\u00c1NDAR<\/span><\/td>\n<td style=\"width: 14.7719%;\" rowspan=\"2\" width=\"200\"><span style=\"font-size: 10pt;\">\u00cdNDICE DE CARGA\/GRADO DE VELOCIDAD<\/span><\/td>\n<td style=\"width: 7.96524%;\" rowspan=\"2\" width=\"106\"><span style=\"font-size: 10pt;\">ANCHO DE LA SECCI\u00d3N (mm)<\/span><\/td>\n<td style=\"width: 9.41347%;\" rowspan=\"2\" width=\"112\"><span style=\"font-size: 10pt;\">DI\u00c1METRO EXTERIOR (mm)<\/span><\/td>\n<td style=\"width: 10.5721%;\" colspan=\"2\" width=\"144\"><span style=\"font-size: 10pt;\">PRESI\u00d3N DE INFLACI\u00d3N (kpa)<\/span><\/td>\n<td style=\"width: 14.4099%;\" colspan=\"2\" width=\"159\"><span style=\"font-size: 10pt;\">CAPACIDAD DE CARGA (kg)<\/span><\/td>\n<\/tr>\n<tr>\n<td style=\"width: 6.01014%;\"><span style=\"font-size: 10pt;\">SOLTERO<\/span><\/td>\n<td style=\"width: 4.56191%;\"><span style=\"font-size: 10pt;\">DOBLE<\/span><\/td>\n<td style=\"width: 6.58943%;\"><span style=\"font-size: 10pt;\">SOLTERO<\/span><\/td>\n<td style=\"width: 7.82042%;\"><span style=\"font-size: 10pt;\">DOBLE<\/span><\/td>\n<\/tr>\n<tr>\n<td style=\"width: 9.41347%;\"><span style=\"font-size: 10pt;\">12.00R20<\/span><\/td>\n<td style=\"width: 6.66184%;\"><span style=\"font-size: 10pt;\">22PR<\/span><\/td>\n<td style=\"width: 7.74801%;\"><span style=\"font-size: 10pt;\">24.0<\/span><\/td>\n<td style=\"width: 9.26865%;\"><span style=\"font-size: 10pt;\">8.50<\/span><\/td>\n<td style=\"width: 14.7719%;\"><span style=\"font-size: 10pt;\">156\/153D<\/span><\/td>\n<td style=\"width: 7.96524%;\"><span style=\"font-size: 10pt;\">315<\/span><\/td>\n<td style=\"width: 9.41347%;\"><span style=\"font-size: 10pt;\">1136<\/span><\/td>\n<td style=\"width: 6.01014%;\"><span style=\"font-size: 10pt;\">900<\/span><\/td>\n<td style=\"width: 4.56191%;\"><span style=\"font-size: 10pt;\">900<\/span><\/td>\n<td style=\"width: 6.58943%;\"><span style=\"font-size: 10pt;\">4000<\/span><\/td>\n<td style=\"width: 7.82042%;\"><span style=\"font-size: 10pt;\">3650<\/span><\/td>\n<\/tr>\n<\/tbody>\n<\/table>\n","protected":false},"excerpt":{"rendered":"<ul>\n<li>Dise\u00f1o de superficie de conducci\u00f3n s\u00faper ancha, excelente capacidad todoterreno, f\u00e1cil de manejar en varias carreteras industriales y mineras. .<\/li>\n<li>El dise\u00f1o de ranura transversal grande proporciona una gran fuerza impulsora y una excelente capacidad de drenaje y descarga de lodo.<\/li>\n<li>El patr\u00f3n de bloques grandes especialmente dise\u00f1ado para la superficie de carreteras industriales y mineras tiene una excelente resistencia al desgarro, resistencia a pinchazos y rendimiento antiexplosi\u00f3n.<\/li>\n<li>La tira de choque especialmente dise\u00f1ada y engrosada mejora el rendimiento antiexplosi\u00f3n y la resistencia a los ara\u00f1azos del neum\u00e1tico.<\/li>\n<\/ul>\n","protected":false},"featured_media":1309,"template":"","meta":[],"product_cat":[29],"product_tag":[],"class_list":["post-759","product","type-product","status-publish","has-post-thumbnail","hentry","product_cat-off-the-roadmining"],"acf":[],"_links":{"self":[{"href":"https:\/\/es.wzutechtires.com\/index.php\/wp-json\/wp\/v2\/product\/759","targetHints":{"allow":["GET"]}}],"collection":[{"href":"https:\/\/es.wzutechtires.com\/index.php\/wp-json\/wp\/v2\/product"}],"about":[{"href":"https:\/\/es.wzutechtires.com\/index.php\/wp-json\/wp\/v2\/types\/product"}],"wp:featuredmedia":[{"embeddable":true,"href":"https:\/\/es.wzutechtires.com\/index.php\/wp-json\/wp\/v2\/media\/1309"}],"wp:attachment":[{"href":"https:\/\/es.wzutechtires.com\/index.php\/wp-json\/wp\/v2\/media?parent=759"}],"wp:term":[{"taxonomy":"product_cat","embeddable":true,"href":"https:\/\/es.wzutechtires.com\/index.php\/wp-json\/wp\/v2\/product_cat?post=759"},{"taxonomy":"product_tag","embeddable":true,"href":"https:\/\/es.wzutechtires.com\/index.php\/wp-json\/wp\/v2\/product_tag?post=759"}],"curies":[{"name":"wp","href":"https:\/\/api.w.org\/{rel}","templated":true}]}}